952)/(-5). Calculate the remainder when ((-4)/5)/((-4)/r) is divided by 13.
12
Suppose -3*g - 3*l = -168, 4*l = -2*g + 36 + 68. Suppose 3*a - 26 = 67. What is the remainder when g is divided by a?
29
Suppose 0 = 2*i - 7*i + 20. Suppose -i*f - f = -25. Suppose 0 = 2*q + 2 - 6, 43 = 3*a + f*q. What is the remainder when 31 is divided by a?
9
Let w(q) = q**3 - 7*q**2 + 8*q - 1. What is the remainder when 5/2*(-84)/(-10) is divided by w(6)?
10
Suppose -2*r - 26 = -4*r. Calculate the remainder when 50 is divided by r.
11
Suppose -c = 36 - 62. What is the remainder when c is divided by (-1 - 2/(-4))*-14?
5
Let h be 11/(-2 + 30/14). Let w = 121 - h. Calculate the remainder when w is divided by 2 + (28/2 - 1).
14
Let m = 9 - -3. Calculate the remainder when 1/(((-2)/(-46))/1) is divided by m.
11
Suppose 7*f - 6*f - 57 = 0. Let i = f + -39. Suppose 3*p - p = i. What is the remainder when 35 is divided by p?
8
Let b = 36 + -16. Calculate the remainder when b is divided by 7.
6
Suppose 96 - 608 = 2*h. Calculate the remainder when 53 is divided by h/(-18) + (-4)/18.
11
Suppose -48 = -5*g - 8. Suppose v = -3 + g. What is the remainder when 14 is divided by v?
4
Suppose 3*o - 13 = 11. Calculate the remainder when 14 is divided by o.
6
Let t = -7 - -16. Let s(l) = -4*l - 4 + l**2 - 5 - 3*l. Calculate the remainder when s(t) is divided by 5.
4
What is the remainder when (1220/50)/((-4)/(-10)) is divided by 21?
19
Let h = -7 + 10. Suppose h*l - 11 = 19. Let o = -11 - -30. What is the remainder when o is divided by l?
9
Let y(k) = -k - 1. Let h(i) = 22*i + 3. Let g(m) = -h(m) - 4*y(m). What is the remainder when g(-1) is divided by 11?
8
Suppose -3*i - 7 = -2*i + 3*l, -2*l + 10 = -3*i. Let r(g) = 2*g**2 + 5. What is the remainder when r(i) is divided by 13?
11
Let s = 26 + 9. Suppose -t - h + 2*h = -17, 5*t = 3*h + 75. Suppose 12 + t = 2*n. Calculate the remainder when s is divided by n.
11
Let d(x) = -x - 5. Let s be d(-9). Let a = 1 + s. Suppose -31 = -w + f, 0 = -w + a*f - 3 + 38. Calculate the remainder when w is divided by 8.
6
Let w(i) = i**3 - i + 1. Let t(a) = -3*a**3 + 4*a**2 - 4*a - 5. Let j(o) = -t(o) - 4*w(o). Calculate the remainder when j(-6) is divided by 9.
7
Let d = -17 + 22. Suppose 5 = 3*o - 7, 72 = 4*j + d*o. Calculate the remainder when 49 is divided by j.
10
Let h(t) be the third derivative of 0*t - 3*t**2 + 1/6*t**3 - 1/24*t**4 + 0. Calculate the remainder when h(-3) is divided by 3.
1
Suppose -2*b = b. Suppose 80 = 5*r - d, b = -3*r + 2*d + 3*d + 26. Calculate the remainder when 33 is divided by r.
16
Suppose -68 = 5*m - 253. Calculate the remainder when m is divided by ((-26)/(-4))/((-2)/(-4)).
11
Suppose 0 = -3*f + 5*m + 47, 46 = 3*f + 4*m - 8*m. Let g = f - 12. What is the remainder when 5 is divided by g?
1
Suppose -4*c + 12 = -c, 2*i - 3*c = 0. What is the remainder when 8 is divided by i?
2
Let t(o) = -o**3 + 2*o**2 + 2*o - 1. Calculate the remainder when t(-2) is divided by 5.
1
Suppose -24 = g - 5*g. Suppose 3 + 5 = 2*y. What is the remainder when g is divided by y?
2
Let u(w) = -w**3 + 9*w**2 - 9*w + 11. Let n be u(8). Suppose f = -n*f + 56. What is the remainder when 40 is divided by f?
12
Let v(q) = -q**2 + 55*q - 134. Suppose -7*c - 3*h + 215 = -2*c, 2*c = -2*h + 90. What is the remainder when c is divided by v(52)?
18
Let q(t) = t + 11. Suppose 0 = -4*a - 4*k - 28, -2*a = 5*k - 2*k + 16. Calculate the remainder when ((-8)/(-5))/((-1)/a) is divided by q(-6).
3
Suppose -5*p + 21 = -19. Calculate the remainder when 38 is divided by p.
6
Suppose -3*q + 44 + 16 = 0. Calculate the remainder when 75 is divided by q.
15
Let l = 193 + -178. Calculate the remainder when l is divided by 12.
3
Suppose 91 = 20*j - 7*j. Let d = 0 + 1. What is the remainder when 12/d*9/6 is divided by j?
4
Calculate the remainder when 1490/20*(-4)/(-2) is divided by 30.
29
Let s be (-1)/(-4) + 15/4. Suppose n = s*n - 102. Suppose -30 - 60 = -5*t. What is the remainder when n is divided by t?
16
Let o = 82 - 37. Suppose 5*d + 125 = -155. Let m = -33 - d. What is the remainder when o is divided by m?
22
Let h(o) = -2*o - 6. Let c be h(-6). Suppose -2*z + c = -10. Let v = -25 - -48. Calculate the remainder when v is divided by z.
7
Suppose -7*r = -2*r - 3*q - 50, 2*q = 2*r - 20. Calculate the remainder when -1*(1 - (40 + -1)) is divided by r.
8
What is the remainder when 10 is divided by ((-3)/(-3))/((-1)/(-3))?
1
Let h = 2 + -2. Suppose 9 = 2*r + r. Suppose r*c = h, -x + 6*x - 2*c = 50. What is the remainder when 28 is divided by x?
8
Suppose 67*h = 69*h - 12. What is the remainder when 6 is divided by h?
0
Calculate the remainder when 90 is divided by 2 + -6 + (-4)/2 + 37.
28
Suppose -4*j + 9*j - 15 = 0. Suppose -2*g + 19 = -i, -j*i + g + g = 37. Calculate the remainder when i/((-3)/3) + 1 is divided by 6.
4
Suppose -l - c = 2 - 3, -8 = -3*l + 2*c. What is the remainder when 11 is divided by l?
1
Let j = -76 - -98. Calculate the remainder when j is divided by 5.
2
Suppose w - 56 = -3*w. Let q = -8 + w. What is the remainder when 22 is divided by q?
4
Suppose 0 = -3*j + o - 3*o + 164, 0 = 5*j - 3*o - 286. Calculate the remainder when j is divided by 12.
8
Let y(w) = -w**2 - 8*w + 7. Let p be y(-9). Let a be -4*(p + 0/(-1)). Let o = a + 5. What is the remainder when 24 is divided by o?
11
Let o = 6 - 4. Calculate the remainder when 6 is divided by o.
0
Let k = 9 + -6. Suppose -3*y + k = -2*y. Suppose 2*j - 2 = -3*x, 5*j + y*x - 10 = 13. What is the remainder when j is divided by 3?
1
Let j(u) = -u**2 + 7*u - 7. Let x be j(6). Let n be (-63 - x)*5/(-10). Let l = n - -9. Calculate the remainder when l is divided by 21.
19
Suppose 19 = 5*g + 4. Let q be 3*(g - 8/2). What is the remainder when (110/(-4))/(q/6) is divided by 19?
17
Let q(w) = 2*w**2 - 3*w. Let a be q(3). Suppose a = 5*t - 6. Suppose 0 = -l + t, -16 - 17 = -2*g - 3*l. What is the remainder when 23 is divided by g?
11
Let n be 58 + -1 - (0 + -1). Let q = 148 - n. What is the remainder when q is divided by 31?
28
Calculate the remainder when 2 - ((-4 - 29) + -4) is divided by 20.
19
Let x(n) be the first derivative of -n**2 - 5*n + 2. Calculate the remainder when 3/(-9) + 110/6 is divided by x(-6).
4
Suppose 2*b = 4, -o + b + 36 = -0*b. Let q(c) = -16*c - 22. What is the remainder when o is divided by q(-2)?
8
Let d(i) = -i**3 - 3*i**2 + 2*i + 2. Calculate the remainder when d(-5) is divided by (-44)/2*(-1)/2.
9
Let b = 33 - 18. Calculate the remainder when 27 is divided by b.
12
Let u(x) = -x**3 - 27*x**2 - 2*x - 25. Calculate the remainder when u(-27) is divided by 6.
5
Suppose 158 = 2*k + 4*q, -2*k - 5*q + 8*q + 144 = 0. Calculate the remainder when k is divided by 19.
18
Let g = -28 - -17. Let m be (-4074)/(-22) - (-2)/g. Suppose -3*a = 2*a - m. What is the remainder when a is divided by 13?
11
Suppose 5*g - 9 = 1. What is the remainder when 38 is divided by (-1 - g) + (-23)/(-1)?
18
Let d(f) = 2*f + 9. Suppose -4*n + 0*n = -16. What is the remainder when 31 is divided by d(n)?
14
Suppose 11*j - 10*j = 11. Calculate the remainder when 37 is divided by j.
4
Let d(y) = -y + 11. Let h be d(8). Suppose 0 = -4*a + 3*a + 12. Let u = a - h. What is the remainder when 17 is divided by u?
8
Suppose 30 = 12*k - 10*k. Suppose -3*v = 2*i - 125, -i = -5*v + 46 + 171. Calculate the remainder when v is divided by k.
13
Suppose -11*t - 110 = -16*t. Calculate the remainder when t is divided by 12.
10
Suppose 4*v + 5*a - 243 = -71, 5*v + 2*a = 232. Calculate the remainder when 189 is divided by v.
45
Let p = 160 + -93. Calculate the remainder when p is divided by 23.
21
What is the remainder when 4/12 + (-152)/(-3) is divided by 9?
6
Let p be (-1668)/(-42) - 2/(-7). Let d = p + -26. What is the remainder when d is divided by 8?
6
Let x = -20 + 44. Calculate the remainder when 44 is divided by x.
20
Calculate the remainder when -95*6/45*-9 is divided by 20.
14
Let w be (-212)/5 - 2/(-5). Suppose -5*p - 4*a + 118 = 0, -p - 4*p + a = -108. What is the remainder when (-606)/(-14) + 12/w is divided by p?
21
Calculate the remainder when 104 is divided by -2*14*20/(-16).
34
Let c(q) = -2*q + 8. Let r be c(7). What is the remainder when (-146)/r - 2/(-3) is divided by 9?
7
Suppose -62*l - 21 = -63*l. What is the rema